 + 11 = 0. What are the prime factors of l(w)?
2, 31
Suppose -4*c = -4 - 8. Suppose p = 5 + c. Suppose 12*k - p*k - 328 = 0. List the prime factors of k.
2, 41
Suppose -2075 = x - 6*x. Let i = 315 + x. What are the prime factors of i?
2, 5, 73
Suppose 1087 = -x - 0*w - 3*w, 2*w = -5*x - 5448. Let a = -515 - x. What are the prime factors of a?
5, 23
Suppose -2*h + 2 = -2*u + 6*u, 5*u - 10 = -h. Suppose -5*s - 5*z + 1655 = 0, 2 + 7 = -u*z. What are the prime factors of s?
2, 167
Suppose -5*f = 14*g - 19*g + 115, 2*f = -2*g + 34. Suppose 8*h + g*h = 7280. What are the prime factors of h?
2, 5, 13
Let n = 55468 - -22960. List the prime factors of n.
2, 7, 2801
Suppose 5*x = -5, 14*s - 5*x + 10243 = 16*s. List the prime factors of s.
2, 3, 7, 61
What are the prime factors of 18/39 - (-2436180)/494?
2, 3, 137
Suppose -9*s - 809 = 1153. Let n = s - -330. Suppose 4*z + n = x, z + 465 = -0*x + 5*x. List the prime factors of x.
2, 23
Let k(x) = 28*x**2 - 7*x + 41. Suppose -3*t = -25 + 7. List the prime factors of k(t).
19, 53
Suppose 2*q - 19 = -c - 6, 10 = -2*c. List the prime factors of (q + -1)*(-19 + 31).
2, 3
Let n(k) = 3*k**2 + 17*k - 18. Let j(z) = -z**2 + 2*z + 7. Let w be j(-3). List the prime factors of n(w).
2, 19
Let z(g) = 12521*g**2 - 5*g - 5. What are the prime factors of z(-1)?
19, 659
Let w(a) = 3*a**2 - a + 7. Let t be w(-3). Suppose 0 = 6*q + t + 263. Let z = q + 208. What are the prime factors of z?
2, 79
Let j = -266 + 186. Let i = 77 - j. List the prime factors of i.
157
Let f(k) = 13*k**3 - 2*k**2 + 1. Let y be f(-1). Let q(v) be the third derivative of -v**4/4 + 3*v**3/2 - v**2 + 129*v. What are the prime factors of q(y)?
3, 31
What are the prime factors of 1*4 - ((-6)/15)/((-31)/(-753455))?
2, 3, 1621
Let j(a) = 56*a - 182. Let w be j(-23). Let b = w - -2313. List the prime factors of b.
3, 281
Let b(x) be the third derivative of -7*x**5/12 - x**4/24 + x**3/3 + 19*x**2. Let u be b(-1). List the prime factors of (-137)/(-9) - u/(-144).
3, 5
Let h(w) = 3182*w**2 + 31*w - 52. List the prime factors of h(2).
2, 3, 11, 193
Suppose 40*n - 333551 = 37966 - 39637. List the prime factors of n.
8297
Let m(g) = 9875*g**2 + 662*g + 1320. What are the prime factors of m(-2)?
2, 4937
Let p(a) = a**3 + 6*a**2 - 30. Let x be p(-5). Let l(c) = -7*c**3 - 19*c**2 - 4*c + 17. What are the prime factors of l(x)?
19, 23
Suppose -3*p = 5*v - 4*v - 45136, 5*v = -4*p + 225669. List the prime factors of v.
11, 373
Let f = -3956 - -5680. Suppose -12*i + 8*i = 4*z - f, 0 = 4*z + 3*i - 1719. List the prime factors of z.
2, 3, 71
Let a be 4*(-1)/2 - 26/(-2). Suppose -q = -4*t - a, 11 = 2*q - 5*t - 5. Suppose p - 4*p + 112 = 4*y, 2*y + 124 = q*p. List the prime factors of p.
2, 5
Suppose -79*y - 33*y = -2864400. List the prime factors of y.
3, 5, 11, 31
Suppose -11*d = -46*d - 10*d + 1830465. List the prime factors of d.
3, 7, 13, 149
Suppose -3*d = -2*a - 3*a + 2516, 2*d - 4*a + 1678 = 0. Suppose h - 4*h - 54 = 0. What are the prime factors of h/3*d/18?
3, 31
Let j = -18 + 11. Let z be ((-14)/j - 2)*(-1)/(-2). Suppose z = 5*q + 3*i - 584, q - 4*i - 32 - 71 = 0. What are the prime factors of q?
5, 23
Let m(r) = 3*r**2 - 44*r - 14. Let b be m(15). What are the prime factors of b*-6*430/(-20)?
3, 43
Let q be (-8)/(-28) - 3945/(-35). Let h = q + 261. What are the prime factors of h?
2, 11, 17
Let d = 18 - 18. Suppose 2*s - 93 - 95 = d. Let u = s + -7. What are the prime factors of u?
3, 29
Let m = -2131 + 17276. What are the prime factors of m?
5, 13, 233
Let g be 5225/(-44) - (2/8 + -1). Suppose 4*f = y + 17, -2*y = f - 2*f + 6. List the prime factors of g*(2/f)/(-1).
59
Let j be 3/1*(4 + -1). Let x = 65 + j. Suppose 3*l = -3*q - l + x, -3*l = -q + 42. List the prime factors of q.
2, 3, 5
Let q(v) = -5*v + 74. Let p be q(10). Let l(a) = 9*a - 95. What are the prime factors of l(p)?
11
Let c(l) = 55*l**3 + l - 3. Let d be (-2)/3 + (-4)/(-6)*4. Let h be c(d). Suppose 3*r + y = h, -3*r - r = 5*y - 589. List the prime factors of r.
2, 73
Let a(y) = -135*y**3 - 7*y - 4. Let i be a(-2). Let w = i + -150. What are the prime factors of w?
2, 5, 47
Suppose -55*x - 41*x = -720000. What are the prime factors of x?
2, 3, 5
Let q = 63661 - 32017. What are the prime factors of q?
2, 3, 293
Suppose 5*m - 5 = 0, 4*m - 66 - 10 = -4*u. Suppose -u = h - 190. List the prime factors of h.
2, 43
Let n be -8*(-3)/60*10. Suppose -5*t + n*s = -1126, -3*s + 0*s + 907 = 4*t. What are the prime factors of t?
2, 113
Suppose 2*c = -114 + 120. Let y(b) = 220*b + 18. What are the prime factors of y(c)?
2, 3, 113
Let j(v) = 6*v**3 - 6*v**3 - 5*v + 12 + v**3 - 3*v + 6*v**2. Let x = 6 - 1. List the prime factors of j(x).
13, 19
List the prime factors of (34931/39 + 20)*15.
5, 41, 67
Let g be (2 + (-20)/12)*0. Suppose 3*z - 5*v + 2*v - 150 = g, -3*v + 70 = z. Suppose 0 = -3*k + 218 + z. List the prime factors of k.
7, 13
What are the prime factors of (-600)/(-3300) + 17587*1/11?
3, 13, 41
Let r be (-2 - 1) + 3 - 1458. Let w = 2291 + r. List the prime factors of w.
7, 17
Suppose -9*f - 70 = -5*h - 4*f, -5*h + 4*f = -66. Let y(z) = 69*z - 295. List the prime factors of y(h).
5, 79
Let y be 48/4 - (2 + 0). Let j(x) = 26*x - 5. Let o be j(y). Let n = -60 + o. What are the prime factors of n?
3, 5, 13
Suppose -96*v + 4 = -94*v, 5604 = 3*o + 3*v. What are the prime factors of o?
2, 3, 311
Let y = 245 - 1262. Let r = y + 1463. What are the prime factors of r?
2, 223
Let d = -433 + 428. List the prime factors of ((-2272)/(-8) - -1*1) + d.
2, 5, 7
Suppose 160945 + 107039 = 48*g. What are the prime factors of g?
3, 1861
Suppose h = 6*m - 3*m - 344, -5*h - 1665 = -4*m. Let t be (h/14)/(2/(-4)). Suppose -176 = -4*n + 5*f, 3*f + t = n + f. List the prime factors of n.
3, 13
Let a = 87 + -67. Let z be (a/(-15))/((-6)/9). Suppose -3*g + 45 = 2*k, -z*k + 3*g - 90 = -7*k. List the prime factors of k.
3, 5
Let n(i) = -i + 32. Let d be (-5)/(-2)*(-36)/(-45). Let z be d/(((-12)/33)/(-2)). What are the prime factors of n(z)?
3, 7
Suppose 0 = -474*b - 272*b + 3407728. List the prime factors of b.
2, 571
Let o(g) = 16*g**2 + 3*g + 21. Let w be (-65)/20 + (9/4)/(-3). List the prime factors of o(w).
5, 53
Suppose -3*t - 60*l + 158561 = -62*l, -52843 = -t - 2*l. What are the prime factors of t?
3, 79, 223
List the prime factors of ((-126)/28)/((-8)/((-124160)/(-15))).
2, 3, 97
Suppose 3*p + 0*v + 10 = -5*v, 0 = 4*p - 2*v - 4. Suppose -n + 6*n - 3660 = p. Suppose 7*y - y = n. List the prime factors of y.
2, 61
Let k = -631 - -1338. Let d = 815 - k. List the prime factors of d.
2, 3
Suppose -46*b = 57*b + 84*b - 16544825. What are the prime factors of b?
5, 3539
Suppose 16*m - 10791 - 7001 = 0. Let l = -557 + m. What are the prime factors of l?
3, 5, 37
Suppose d = -3*j + 36290, 4*d - 3*j - 36722 - 108528 = 0. What are the prime factors of d?
2, 29, 313
Let b(t) = 348*t**3 + 63*t**2 - 299*t - 32. List the prime factors of b(6).
2, 5, 7561
Suppose -387*u + 392*u + 4*s - 152123 = 0, 4*s = 4*u - 121648. List the prime factors of u.
19, 1601
Let y(p) = 271*p**3 - 2*p**2 - 10*p + 17. List the prime factors of y(4).
3, 17, 113
Let n(a) = 2 - 2*a**2 + 5*a**2 + a + 4*a**2 + 0*a - 14*a**3 - 9*a**3. What are the prime factors of n(-3)?
683
Let q(i) = -10*i**3 - 85*i**2 - 115*i + 72. Let n(y) = 3*y**3 + 28*y**2 + 38*y - 24. Let a(d) = 7*n(d) + 2*q(d). List the prime factors of a(-24).
2, 3, 11
List the prime factors of 221198/57*-4*3/(-8).
5821
Suppose k = 3*i - 84791, -11*i + 282409 = 5*k - 28448. List the prime factors of i.
2, 13, 1087
Let k(d) = 2 + 97*d**2 - 96*d**2 + 10*d - 12 - 11 - 5*d. Let i = 23 - 32. What are the prime factors of k(i)?
3, 5
Let f be 9 + 0 - -2521 - -5. Suppose -a + 14*g = 17*g - 841, 3*a + 5*g - f = 0. What are the prime factors of a?
2, 5, 17
Let t(y) = 6*y**2 - 246*y - 124. List the prime factors of t(61).
2, 7, 257
Suppose 3*q - 34859 = 3*t - 11474, 0 = -5*q - 4*t + 39047. What are the prime factors of q?
3, 17
Let q(v) be the first derivative of v**3/3 - v**2/2 - v + 22. Let y(u) = -26*u**2 - 4*u - 2. Let r(t) = 5*q(t) - y(t). List the prime factors of r(2).
7, 17
Let z = 4345 - -515. List the prime factors of z.
2, 3, 5
Let t(l) be the first derivative of -l**2/2 + 11*l + 3. Let w be t(5). What ar